{"id":243,"date":"2022-10-24T17:30:08","date_gmt":"2022-10-24T17:30:08","guid":{"rendered":"https:\/\/bettinaroessler.com\/?page_id=243"},"modified":"2024-12-13T12:25:19","modified_gmt":"2024-12-13T12:25:19","slug":"kontakt","status":"publish","type":"page","link":"https:\/\/bettinaroessler.com\/index.php\/kontakt\/","title":{"rendered":"Kontakt"},"content":{"rendered":"\t\t<div data-elementor-type=\"wp-page\" data-elementor-id=\"243\" class=\"elementor elementor-243\">\n\t\t\t\t<div class=\"elementor-element elementor-element-962a4ec e-flex e-con-boxed e-con e-parent\" data-id=\"962a4ec\" data-element_type=\"container\">\n\t\t\t\t\t<div class=\"e-con-inner\">\n\t\t<div class=\"elementor-element elementor-element-9724cf1 e-con-full e-flex e-con e-child\" data-id=\"9724cf1\" data-element_type=\"container\">\n\t\t\t\t<div class=\"elementor-element elementor-element-e1b2b17 elementor-widget elementor-widget-text-editor\" data-id=\"e1b2b17\" data-element_type=\"widget\" data-widget_type=\"text-editor.default\">\n\t\t\t\t<div class=\"elementor-widget-container\">\n\t\t\t\t\t\t\t\t\t<p><span style=\"color: #ba5a87;\"><span style=\"color: #ba5a87;\"><b>Mach jetzt den ersten Schritt&#8230; <\/b><\/span><\/span><\/p>\n<div class=\"wp-block-column is-layout-flow wp-block-column-is-layout-flow\">\n<p class=\"has-text-color\">F\u00fcr Informationen und Terminvereinbarungen stehe ich unter folgenden Kontaktm\u00f6glichkeiten zur Verf\u00fcgung:<\/p>\n<p class=\"has-text-color\">Mag. Bettina R\u00f6ssler<br \/>E-Mail: <a href=\"mailto:office@bettinaroessler.com\">office@bettinaroessler.com<\/a>\u00a0<br \/>Telefon\/Whatsapp: +43 677 677 010 11\u00a0<\/p>\n<\/div>\t\t\t\t\t\t\t\t<\/div>\n\t\t\t\t<\/div>\n\t\t\t\t<div class=\"elementor-element elementor-element-deb7e73 elementor-widget elementor-widget-text-editor\" data-id=\"deb7e73\" data-element_type=\"widget\" data-widget_type=\"text-editor.default\">\n\t\t\t\t<div class=\"elementor-widget-container\">\n\t\t\t\t\t\t\t\t\t<div class=\"wp-block-column\" style=\"flex-basis: 80%;\">\n<figure class=\"wp-block-image alignleft size-full is-resized\"><a href=\"mailto:office@bettinaroessler.com\"><img decoding=\"async\" class=\"wp-image-318\" src=\"https:\/\/bettinaroessler.com\/wp-content\/uploads\/2022\/10\/2697658_apple_mail_email_envelope_inbox_icon.png\" alt=\"\" width=\"71\" height=\"71\" srcset=\"https:\/\/bettinaroessler.com\/wp-content\/uploads\/2022\/10\/2697658_apple_mail_email_envelope_inbox_icon.png 512w, https:\/\/bettinaroessler.com\/wp-content\/uploads\/2022\/10\/2697658_apple_mail_email_envelope_inbox_icon-300x300.png 300w, https:\/\/bettinaroessler.com\/wp-content\/uploads\/2022\/10\/2697658_apple_mail_email_envelope_inbox_icon-150x150.png 150w, https:\/\/bettinaroessler.com\/wp-content\/uploads\/2022\/10\/2697658_apple_mail_email_envelope_inbox_icon-140x140.png 140w, https:\/\/bettinaroessler.com\/wp-content\/uploads\/2022\/10\/2697658_apple_mail_email_envelope_inbox_icon-50x50.png 50w, https:\/\/bettinaroessler.com\/wp-content\/uploads\/2022\/10\/2697658_apple_mail_email_envelope_inbox_icon-80x80.png 80w\" sizes=\"(max-width: 71px) 100vw, 71px\" \/><\/a><\/figure>\n<!-- \/wp:image --><!-- wp:image {\"align\":\"left\",\"id\":295,\"width\":71,\"height\":71,\"sizeSlug\":\"thumbnail\",\"linkDestination\":\"custom\"} -->\n<figure class=\"wp-block-image alignleft size-thumbnail is-resized\"><a href=\"https:\/\/www.instagram.com\/_bettinaroessler_\/\"><img decoding=\"async\" class=\"wp-image-295\" src=\"https:\/\/bettinaroessler.com\/wp-content\/uploads\/2022\/10\/Instagram_Glyph_Gradient-1-150x150.png\" alt=\"\" width=\"71\" height=\"71\" srcset=\"https:\/\/bettinaroessler.com\/wp-content\/uploads\/2022\/10\/Instagram_Glyph_Gradient-1-150x150.png 150w, https:\/\/bettinaroessler.com\/wp-content\/uploads\/2022\/10\/Instagram_Glyph_Gradient-1-300x300.png 300w, https:\/\/bettinaroessler.com\/wp-content\/uploads\/2022\/10\/Instagram_Glyph_Gradient-1-1024x1024.png 1024w, https:\/\/bettinaroessler.com\/wp-content\/uploads\/2022\/10\/Instagram_Glyph_Gradient-1-768x768.png 768w, https:\/\/bettinaroessler.com\/wp-content\/uploads\/2022\/10\/Instagram_Glyph_Gradient-1-1536x1536.png 1536w, https:\/\/bettinaroessler.com\/wp-content\/uploads\/2022\/10\/Instagram_Glyph_Gradient-1-2048x2048.png 2048w, https:\/\/bettinaroessler.com\/wp-content\/uploads\/2022\/10\/Instagram_Glyph_Gradient-1-960x960.png 960w, https:\/\/bettinaroessler.com\/wp-content\/uploads\/2022\/10\/Instagram_Glyph_Gradient-1-140x140.png 140w, https:\/\/bettinaroessler.com\/wp-content\/uploads\/2022\/10\/Instagram_Glyph_Gradient-1-50x50.png 50w, https:\/\/bettinaroessler.com\/wp-content\/uploads\/2022\/10\/Instagram_Glyph_Gradient-1-666x666.png 666w, https:\/\/bettinaroessler.com\/wp-content\/uploads\/2022\/10\/Instagram_Glyph_Gradient-1-80x80.png 80w\" sizes=\"(max-width: 71px) 100vw, 71px\" \/><\/a><\/figure>\n<!-- \/wp:image --><!-- wp:image {\"align\":\"left\",\"id\":302,\"width\":71,\"height\":71,\"sizeSlug\":\"full\",\"linkDestination\":\"custom\"} -->\n<figure class=\"wp-block-image alignleft size-full is-resized\"><a href=\"https:\/\/wa.me\/4367767701011\"><img decoding=\"async\" class=\"wp-image-302\" src=\"https:\/\/bettinaroessler.com\/wp-content\/uploads\/2022\/10\/Digital_Glyph_Green.png\" alt=\"\" width=\"71\" height=\"71\" srcset=\"https:\/\/bettinaroessler.com\/wp-content\/uploads\/2022\/10\/Digital_Glyph_Green.png 360w, https:\/\/bettinaroessler.com\/wp-content\/uploads\/2022\/10\/Digital_Glyph_Green-298x300.png 298w, https:\/\/bettinaroessler.com\/wp-content\/uploads\/2022\/10\/Digital_Glyph_Green-150x150.png 150w, https:\/\/bettinaroessler.com\/wp-content\/uploads\/2022\/10\/Digital_Glyph_Green-140x140.png 140w, https:\/\/bettinaroessler.com\/wp-content\/uploads\/2022\/10\/Digital_Glyph_Green-50x50.png 50w, https:\/\/bettinaroessler.com\/wp-content\/uploads\/2022\/10\/Digital_Glyph_Green-80x80.png 80w\" sizes=\"(max-width: 71px) 100vw, 71px\" \/><\/a><\/figure>\n<!-- \/wp:image --><\/div>\n<p><!-- \/wp:column --><!-- wp:column {\"width\":\"20%\"} --><\/p>\n<div class=\"wp-block-column\" style=\"flex-basis: 20%;\"><!-- wp:image {\"id\":526,\"sizeSlug\":\"medium\",\"linkDestination\":\"none\",\"className\":\"is-style-default\"} -->\n<figure class=\"wp-block-image size-medium is-style-default\"><\/figure>\n<\/div>\t\t\t\t\t\t\t\t<\/div>\n\t\t\t\t<\/div>\n\t\t\t\t<\/div>\n\t\t<div class=\"elementor-element elementor-element-976732f e-con-full e-flex e-con e-child\" data-id=\"976732f\" data-element_type=\"container\">\n\t\t\t\t<div class=\"elementor-element elementor-element-f7dd9a4 elementor-widget elementor-widget-image\" data-id=\"f7dd9a4\" data-element_type=\"widget\" data-widget_type=\"image.default\">\n\t\t\t\t<div class=\"elementor-widget-container\">\n\t\t\t\t\t\t\t\t\t\t\t\t\t\t\t<img loading=\"lazy\" decoding=\"async\" width=\"256\" height=\"300\" src=\"https:\/\/bettinaroessler.com\/wp-content\/uploads\/2024\/12\/H39A1851-b-scaled-e1734092517968-256x300.jpg\" class=\"attachment-medium size-medium wp-image-1954\" alt=\"\" srcset=\"https:\/\/bettinaroessler.com\/wp-content\/uploads\/2024\/12\/H39A1851-b-scaled-e1734092517968-256x300.jpg 256w, https:\/\/bettinaroessler.com\/wp-content\/uploads\/2024\/12\/H39A1851-b-scaled-e1734092517968-874x1024.jpg 874w, https:\/\/bettinaroessler.com\/wp-content\/uploads\/2024\/12\/H39A1851-b-scaled-e1734092517968-768x900.jpg 768w, https:\/\/bettinaroessler.com\/wp-content\/uploads\/2024\/12\/H39A1851-b-scaled-e1734092517968.jpg 990w\" sizes=\"100vw\" \/>\t\t\t\t\t\t\t\t\t\t\t\t\t\t\t<\/div>\n\t\t\t\t<\/div>\n\t\t\t\t<\/div>\n\t\t\t\t\t<\/div>\n\t\t\t\t<\/div>\n\t\t<div class=\"elementor-element elementor-element-4b67009 e-flex e-con-boxed e-con e-parent\" data-id=\"4b67009\" data-element_type=\"container\">\n\t\t\t\t\t<div class=\"e-con-inner\">\n\t\t<div class=\"elementor-element elementor-element-ed1655e e-con-full e-flex e-con e-child\" data-id=\"ed1655e\" data-element_type=\"container\">\n\t\t\t\t<div class=\"elementor-element elementor-element-9ef374b elementor-widget elementor-widget-text-editor\" data-id=\"9ef374b\" data-element_type=\"widget\" data-widget_type=\"text-editor.default\">\n\t\t\t\t<div class=\"elementor-widget-container\">\n\t\t\t\t\t\t\t\t\t<p><strong>Praxis Inner Peace<\/strong><br \/>Stumpergasse 48\/23<br \/>1060 Wien<\/p>\n<p><span class=\"routes-info__item\"><strong>\u00d6ffentliche Erreichbarkeit:<\/strong> <br \/><\/span><span class=\"routes-info__item\">Bahn:\u00a0<span class=\"line-link\">S2<\/span>,\u00a0<span class=\"line-link\">S45<\/span>,\u00a0<span class=\"line-link\">S50<\/span><\/span><br \/><span class=\"routes-info__item\">U-Bahn:\u00a0<span class=\"line-link\">U3<\/span>,\u00a0<span class=\"line-link\">U6<\/span><\/span><br \/><span class=\"routes-info__item\">Bus:\u00a0<span class=\"line-link\">10A<\/span>,\u00a0<span class=\"line-link\">12A<\/span>,\u00a0<span class=\"line-link\">N8<\/span>,\u00a0<span class=\"line-link\">VAL 1<\/span>,\u00a0<span class=\"line-link\">N6<\/span><\/span><\/p>\t\t\t\t\t\t\t\t<\/div>\n\t\t\t\t<\/div>\n\t\t\t\t<\/div>\n\t\t<div class=\"elementor-element elementor-element-5039804 e-con-full e-flex e-con e-child\" data-id=\"5039804\" data-element_type=\"container\">\n\t\t\t\t<div class=\"elementor-element elementor-element-758c984 elementor-widget elementor-widget-google_maps\" data-id=\"758c984\" data-element_type=\"widget\" data-widget_type=\"google_maps.default\">\n\t\t\t\t<div class=\"elementor-widget-container\">\n\t\t\t\t\t\t\t<div class=\"elementor-custom-embed\">\n\t\t\t<iframe loading=\"lazy\"\n\t\t\t\t\tsrc=\"https:\/\/maps.google.com\/maps?q=Stumpergasse%2048%2F23&#038;t=m&#038;z=15&#038;output=embed&#038;iwloc=near\"\n\t\t\t\t\ttitle=\"Stumpergasse 48\/23\"\n\t\t\t\t\taria-label=\"Stumpergasse 48\/23\"\n\t\t\t><\/iframe>\n\t\t<\/div>\n\t\t\t\t\t\t<\/div>\n\t\t\t\t<\/div>\n\t\t\t\t<\/div>\n\t\t\t\t\t<\/div>\n\t\t\t\t<\/div>\n\t\t\t\t<\/div>\n\t\t","protected":false},"excerpt":{"rendered":"<p>Mach jetzt den ersten Schritt&#8230; F\u00fcr Informationen und Terminvereinbarungen stehe ich unter folgenden Kontaktm\u00f6glichkeiten zur Verf\u00fcgung: Mag. Bettina R\u00f6sslerE-Mail: office@bettinaroessler.com\u00a0Telefon\/Whatsapp: +43 677 677 010 11\u00a0 Praxis Inner PeaceStumpergasse 48\/231060 Wien \u00d6ffentliche Erreichbarkeit: Bahn:\u00a0S2,\u00a0S45,\u00a0S50U-Bahn:\u00a0U3,\u00a0U6Bus:\u00a010A,\u00a012A,\u00a0N8,\u00a0VAL 1,\u00a0N6<\/p>\n","protected":false},"author":1,"featured_media":0,"parent":0,"menu_order":0,"comment_status":"closed","ping_status":"closed","template":"","meta":{"footnotes":""},"class_list":["post-243","page","type-page","status-publish","hentry"],"_links":{"self":[{"href":"https:\/\/bettinaroessler.com\/index.php\/wp-json\/wp\/v2\/pages\/243","targetHints":{"allow":["GET"]}}],"collection":[{"href":"https:\/\/bettinaroessler.com\/index.php\/wp-json\/wp\/v2\/pages"}],"about":[{"href":"https:\/\/bettinaroessler.com\/index.php\/wp-json\/wp\/v2\/types\/page"}],"author":[{"embeddable":true,"href":"https:\/\/bettinaroessler.com\/index.php\/wp-json\/wp\/v2\/users\/1"}],"replies":[{"embeddable":true,"href":"https:\/\/bettinaroessler.com\/index.php\/wp-json\/wp\/v2\/comments?post=243"}],"version-history":[{"count":60,"href":"https:\/\/bettinaroessler.com\/index.php\/wp-json\/wp\/v2\/pages\/243\/revisions"}],"predecessor-version":[{"id":2062,"href":"https:\/\/bettinaroessler.com\/index.php\/wp-json\/wp\/v2\/pages\/243\/revisions\/2062"}],"wp:attachment":[{"href":"https:\/\/bettinaroessler.com\/index.php\/wp-json\/wp\/v2\/media?parent=243"}],"curies":[{"name":"wp","href":"https:\/\/api.w.org\/{rel}","templated":true}]}}