{"id":240,"date":"2022-10-24T17:30:08","date_gmt":"2022-10-24T17:30:08","guid":{"rendered":"https:\/\/bettinaroessler.com\/?page_id=240"},"modified":"2024-12-13T11:33:12","modified_gmt":"2024-12-13T11:33:12","slug":"uber-mich-2","status":"publish","type":"page","link":"https:\/\/bettinaroessler.com\/index.php\/uber-mich-2\/","title":{"rendered":"Das bin ich: Bettina"},"content":{"rendered":"\t\t<div data-elementor-type=\"wp-page\" data-elementor-id=\"240\" class=\"elementor elementor-240\">\n\t\t\t\t<div class=\"elementor-element elementor-element-c98618a e-flex e-con-boxed e-con e-parent\" data-id=\"c98618a\" data-element_type=\"container\">\n\t\t\t\t\t<div class=\"e-con-inner\">\n\t\t<div class=\"elementor-element elementor-element-bb14630 e-con-full e-flex e-con e-child\" data-id=\"bb14630\" data-element_type=\"container\">\n\t\t\t\t<div class=\"elementor-element elementor-element-3fc3689 elementor-widget elementor-widget-image\" data-id=\"3fc3689\" data-element_type=\"widget\" data-widget_type=\"image.default\">\n\t\t\t\t<div class=\"elementor-widget-container\">\n\t\t\t\t\t\t\t\t\t\t\t\t\t\t\t<img fetchpriority=\"high\" decoding=\"async\" width=\"236\" height=\"300\" src=\"https:\/\/bettinaroessler.com\/wp-content\/uploads\/2024\/11\/H39A1953-b-scaled-e1732272186149-236x300.jpg\" class=\"attachment-medium size-medium wp-image-1695\" alt=\"\" srcset=\"https:\/\/bettinaroessler.com\/wp-content\/uploads\/2024\/11\/H39A1953-b-scaled-e1732272186149-236x300.jpg 236w, https:\/\/bettinaroessler.com\/wp-content\/uploads\/2024\/11\/H39A1953-b-scaled-e1732272186149-805x1024.jpg 805w, https:\/\/bettinaroessler.com\/wp-content\/uploads\/2024\/11\/H39A1953-b-scaled-e1732272186149-1208x1536.jpg 1208w, https:\/\/bettinaroessler.com\/wp-content\/uploads\/2024\/11\/H39A1953-b-scaled-e1732272186149-768x976.jpg 768w, https:\/\/bettinaroessler.com\/wp-content\/uploads\/2024\/11\/H39A1953-b-scaled-e1732272186149.jpg 1341w\" sizes=\"100vw\" \/>\t\t\t\t\t\t\t\t\t\t\t\t\t\t\t<\/div>\n\t\t\t\t<\/div>\n\t\t\t\t<div class=\"elementor-element elementor-element-cb630b4 elementor-widget elementor-widget-text-editor\" data-id=\"cb630b4\" data-element_type=\"widget\" data-widget_type=\"text-editor.default\">\n\t\t\t\t<div class=\"elementor-widget-container\">\n\t\t\t\t\t\t\t\t\t<p><strong>Mag. iur. Bettina R\u00f6ssler<br \/><\/strong>Coaching &amp; Counseling <br \/>Embodiment<\/p>\t\t\t\t\t\t\t\t<\/div>\n\t\t\t\t<\/div>\n\t\t\t\t<\/div>\n\t\t<div class=\"elementor-element elementor-element-640a39d e-con-full e-flex e-con e-child\" data-id=\"640a39d\" data-element_type=\"container\">\n\t\t\t\t<div class=\"elementor-element elementor-element-6dcc738 elementor-widget elementor-widget-text-editor\" data-id=\"6dcc738\" data-element_type=\"widget\" data-widget_type=\"text-editor.default\">\n\t\t\t\t<div class=\"elementor-widget-container\">\n\t\t\t\t\t\t\t\t\t<p class=\"has-text-color\">Ich bin Bettina, diplomierte Lebens- und Sozialberaterin und zertifizierte Embodimenttrainerin. Beruflich habe ich mich darauf spezialisiert, Menschen dabei zu unterst\u00fctzen, Fokus und Balance in ihrem Leben zu finden \u2013 besonders im kreativen wie auch oft intensiven Umfeld der B\u00fchne.\u00a0<\/p>\n<p class=\"has-text-color\">Mit \u00fcber 10 Jahren Berufserfahrung in der Kultur- und Eventbranche \u2013 unter anderem im Projektmanagement \u2013 kenne ich die Herausforderungen, denen B\u00fchnenschaffende, Kreative und Menschen hinter den Kulissen Tag f\u00fcr Tag gegen\u00fcberstehen. Es ist leicht, sich selbst zu verlieren, w\u00e4hrend man versucht, den Spagat zwischen Leidenschaft, Druck und Alltagsherausforderungen zu meistern.<\/p>\n<p class=\"has-text-color\">In meinem Ursprungsberuf als Juristin durfte ich lernen, wie wichtig es ist, Raum f\u00fcr das eigene Wohlbefinden zu schaffen, um Lebensfreude zu bewahren \u2013 beruflich und privat. Meine Arbeit basiert daher nicht nur auf Fachwissen, sondern auch auf pers\u00f6nlicher Erfahrung und Empathie. Ich biete dir einen Raum, in dem du dir selbst begegnen und dich auf pers\u00f6nlicher Ebene weiterentwickeln kannst, um dein Gleichgewicht zu finden.<\/p>\n<p class=\"has-text-color\"><strong>Lass uns gemeinsam den ersten Schritt gehen \u2013 f\u00fcr ein Leben, das dir Raum zum Atmen und Wachsen l\u00e4sst, sowohl auf als auch hinter der B\u00fchne.<\/strong><\/p>\t\t\t\t\t\t\t\t<\/div>\n\t\t\t\t<\/div>\n\t\t\t\t<\/div>\n\t\t\t\t\t<\/div>\n\t\t\t\t<\/div>\n\t\t<div class=\"elementor-element elementor-element-66f3b91 e-flex e-con-boxed e-con e-parent\" data-id=\"66f3b91\" data-element_type=\"container\">\n\t\t\t\t\t<div class=\"e-con-inner\">\n\t\t\t\t<div class=\"elementor-element elementor-element-e961ed4 elementor-icon-list--layout-traditional elementor-list-item-link-full_width elementor-widget elementor-widget-icon-list\" data-id=\"e961ed4\" data-element_type=\"widget\" data-widget_type=\"icon-list.default\">\n\t\t\t\t<div class=\"elementor-widget-container\">\n\t\t\t\t\t\t\t<ul class=\"elementor-icon-list-items\">\n\t\t\t\t\t\t\t<li class=\"elementor-icon-list-item\">\n\t\t\t\t\t\t\t\t\t\t\t<span class=\"elementor-icon-list-icon\">\n\t\t\t\t\t\t\t<i aria-hidden=\"true\" class=\"fas fa-university\"><\/i>\t\t\t\t\t\t<\/span>\n\t\t\t\t\t\t\t\t\t\t<span class=\"elementor-icon-list-text\"><b>Ausbildungen &amp; hard skills<\/b><\/span>\n\t\t\t\t\t\t\t\t\t<\/li>\n\t\t\t\t\t\t<\/ul>\n\t\t\t\t\t\t<\/div>\n\t\t\t\t<\/div>\n\t\t\t\t<div class=\"elementor-element elementor-element-6d40a1d elementor-widget elementor-widget-text-editor\" data-id=\"6d40a1d\" data-element_type=\"widget\" data-widget_type=\"text-editor.default\">\n\t\t\t\t<div class=\"elementor-widget-container\">\n\t\t\t\t\t\t\t\t\t<ul class=\"wp-block-list has-text-color\">\n<li>Diplomierte Lebens- und Sozialberaterin<\/li>\n<li>Zertifizierte Trainerin der Non-Linear Movement Method\u00ae<\/li>\n<li>200 Stunden Yoga Teacher Training (Yoga Alliance Approved)<\/li>\n<li>Studium der Rechtswissenschaften\u00a0<\/li>\n<li>10+ Jahre Berufserfahrung im Kultur- und Eventbereich (Schwerpunkt Veranstaltungsdurchf\u00fchrung und Projektmanagement)<\/li>\n<\/ul>\t\t\t\t\t\t\t\t<\/div>\n\t\t\t\t<\/div>\n\t\t\t\t<div class=\"elementor-element elementor-element-9821095 elementor-icon-list--layout-traditional elementor-list-item-link-full_width elementor-widget elementor-widget-icon-list\" data-id=\"9821095\" data-element_type=\"widget\" data-widget_type=\"icon-list.default\">\n\t\t\t\t<div class=\"elementor-widget-container\">\n\t\t\t\t\t\t\t<ul class=\"elementor-icon-list-items\">\n\t\t\t\t\t\t\t<li class=\"elementor-icon-list-item\">\n\t\t\t\t\t\t\t\t\t\t\t<span class=\"elementor-icon-list-icon\">\n\t\t\t\t\t\t\t<i aria-hidden=\"true\" class=\"fas fa-forward\"><\/i>\t\t\t\t\t\t<\/span>\n\t\t\t\t\t\t\t\t\t\t<span class=\"elementor-icon-list-text\"><b>Fortbildungen &amp; Pers\u00f6nlichkeitsentwicklung<\/b><\/span>\n\t\t\t\t\t\t\t\t\t<\/li>\n\t\t\t\t\t\t<\/ul>\n\t\t\t\t\t\t<\/div>\n\t\t\t\t<\/div>\n\t\t\t\t<div class=\"elementor-element elementor-element-146d1ce elementor-widget elementor-widget-text-editor\" data-id=\"146d1ce\" data-element_type=\"widget\" data-widget_type=\"text-editor.default\">\n\t\t\t\t<div class=\"elementor-widget-container\">\n\t\t\t\t\t\t\t\t\t<ul>\n<li>Photography as medicine (Catherine Just)<\/li>\n<li>Women\u2019s study group (Michaela Boehm)<\/li>\n<li>Fear as Power (Avi Grinberg)<\/li>\n<li>Guru Viking Meditation Club (Steve James)<\/li>\n<li>Gender &amp; Diversity Fortbildung<\/li>\n<li>Teilnahme und Leitung von Frauenkreisen<\/li>\n<li>Wahrnehmungstrainings nach der Grinberg-Methode (Judith Hagenhofer)<\/li>\n<li>Mentorin bei younus<\/li>\n<li>Intuitive Bewegung &amp; verschiedene Embodimenttechniken<\/li>\n<li>Diverse Kommunikationstrainings&nbsp;<\/li>\n<li>Team-Building Seminare<\/li>\n<\/ul>\t\t\t\t\t\t\t\t<\/div>\n\t\t\t\t<\/div>\n\t\t\t\t\t<\/div>\n\t\t\t\t<\/div>\n\t\t\t\t<\/div>\n\t\t","protected":false},"excerpt":{"rendered":"<p>Mag. iur. Bettina R\u00f6sslerCoaching &amp; Counseling Embodiment Ich bin Bettina, diplomierte Lebens- und Sozialberaterin und zertifizierte Embodimenttrainerin. Beruflich habe ich mich darauf spezialisiert, Menschen dabei zu unterst\u00fctzen, Fokus und Balance in ihrem Leben zu finden \u2013 besonders im kreativen wie auch oft intensiven Umfeld der B\u00fchne.\u00a0 Mit \u00fcber 10 Jahren Berufserfahrung in der Kultur- und &hellip; <\/p>\n<p class=\"link-more\"><a href=\"https:\/\/bettinaroessler.com\/index.php\/uber-mich-2\/\" class=\"more-link\">Read more<span class=\"screen-reader-text\"> &#8222;Das bin ich: Bettina&#8220;<\/span><\/a><\/p>\n","protected":false},"author":1,"featured_media":0,"parent":0,"menu_order":0,"comment_status":"closed","ping_status":"closed","template":"","meta":{"footnotes":""},"class_list":["post-240","page","type-page","status-publish","hentry"],"_links":{"self":[{"href":"https:\/\/bettinaroessler.com\/index.php\/wp-json\/wp\/v2\/pages\/240","targetHints":{"allow":["GET"]}}],"collection":[{"href":"https:\/\/bettinaroessler.com\/index.php\/wp-json\/wp\/v2\/pages"}],"about":[{"href":"https:\/\/bettinaroessler.com\/index.php\/wp-json\/wp\/v2\/types\/page"}],"author":[{"embeddable":true,"href":"https:\/\/bettinaroessler.com\/index.php\/wp-json\/wp\/v2\/users\/1"}],"replies":[{"embeddable":true,"href":"https:\/\/bettinaroessler.com\/index.php\/wp-json\/wp\/v2\/comments?post=240"}],"version-history":[{"count":60,"href":"https:\/\/bettinaroessler.com\/index.php\/wp-json\/wp\/v2\/pages\/240\/revisions"}],"predecessor-version":[{"id":1914,"href":"https:\/\/bettinaroessler.com\/index.php\/wp-json\/wp\/v2\/pages\/240\/revisions\/1914"}],"wp:attachment":[{"href":"https:\/\/bettinaroessler.com\/index.php\/wp-json\/wp\/v2\/media?parent=240"}],"curies":[{"name":"wp","href":"https:\/\/api.w.org\/{rel}","templated":true}]}}